 of b?
5
What is the units digit of ((-57)/4 - 95/(-76))/((-1)/1797)?
1
Let d be (-1 - -7) + -71 + (-3)/(-3). What is the tens digit of (48/d)/(1/((-3592)/6))?
4
Suppose -m = 3*b + 27 + 51, 26 = -b - 2*m. Suppose 50 - 14 = 4*n. Let s = n - b. What is the tens digit of s?
3
Let v(n) = 20*n - 4. Suppose 5*r - 4*p - 560 = p, 542 = 5*r + p. Let a = r - 101. What is the tens digit of v(a)?
5
Suppose 158*i - 3420 = 155*i. Suppose -3*n = -5*j + 1047, -5*j - 117 = 3*n - i. What is the tens digit of j?
0
Let h(v) = 4 + v + 9*v**2 - 8*v**3 - 11*v**2 - 4*v**2. What is the hundreds digit of h(-3)?
1
What is the hundreds digit of ((-16007)/12 - 2/(-8))*(423 - 426)?
0
Let t(l) = 4*l**2 + 81*l - 8318. What is the tens digit of t(-137)?
6
Suppose -820 = -14*i + 4*i. Let a = i + 8. What is the units digit of a?
0
What is the units digit of ((-1466100)/140 + 21)/((-4)/14)?
9
Let d be (-3)/(63/(-196)) - 2/(-3). Suppose -d*f + 2844 + 6736 = 0. What is the tens digit of f?
5
Let x(k) = -k**3 + 7*k**2 + 10*k - 11. Let n be x(8). Let z(b) = 28 - 6*b + 9*b - 46 + 9*b + 25. What is the tens digit of z(n)?
6
Let c = 860 - 488. Let d = c + -332. What is the units digit of d?
0
Let x(v) = 29*v**2 + 3*v + 11301. What is the hundreds digit of x(0)?
3
Let n(f) = 303*f**3 + 21*f**2 + 16*f + 5. What is the hundreds digit of n(4)?
7
Let u(a) = 424*a - 16. Let q be u(-4). Let m = -1010 - q. What is the hundreds digit of m?
7
Suppose 0 = -111*p + 115*p - 5*f - 42229, -10526 = -p - 5*f. What is the tens digit of p?
5
Suppose -4*t - 34*d = -29*d - 20525, -3*d - 20517 = -4*t. What is the hundreds digit of ((t/4)/15)/(1/2)?
1
Let y(n) = -n**2 - 7*n - 7. Let r be y(-8). Let h be (2/5)/(r/(-75)). Suppose 157 = h*g + 3*d + 2*d, -5*g = -d - 406. What is the units digit of g?
1
Let u(n) = -413 + 5*n**2 - 5*n + 418 + 17*n. Suppose -1 = -4*g - 5*t - 5, 0 = -2*t + 8. What is the hundreds digit of u(g)?
1
Suppose b = 3*r + 521 - 22115, -2*r = -3*b - 14396. What is the tens digit of r?
9
Suppose l = -5, -7*l - 25 = -y - 9*l. Suppose y*b - 10*b - 30450 = 0. What is the units digit of b?
8
Suppose 2 - 50 = -12*u. Suppose 2*i - 4*t = 1202, -t = -5*i + u*i + 601. What is the tens digit of i?
0
Let i be (-10)/4*8/(-10). Suppose 0 = 4*d - 232 - 104. Suppose -4 = -i*x + d. What is the units digit of x?
4
Let m(c) = -c**2 - 8*c + 22. Suppose -50 = -3*u + 8*u. Let x be m(u). What is the units digit of (33 - (-4 - -4)) + x?
5
Suppose -21 = -4*w + 55. Suppose 23*y - w*y - 2224 = 0. What is the units digit of y?
6
Let p be -1*231 - (-2)/1. Let y = 979 + p. What is the hundreds digit of y?
7
Let o be (-2)/(-8)*0 - (3 - 513). Let b = -146 + o. What is the hundreds digit of b?
3
Let m = 197 + -277. Let s = -138 - m. What is the tens digit of (2/(-4))/((-173)/s + -3)?
2
Let n(p) be the second derivative of -p**5/20 + p**4/12 + p**3/3 + 3*p**2 + 2*p. Let b be n(3). Let d(f) = f**3 + 9*f**2 - 4*f. What is the units digit of d(b)?
2
Let a(r) = r**3 + 30*r**2 + 28*r - 40. Let t be a(-29). Let f(i) = -86*i + 219. What is the thousands digit of f(t)?
1
Let a(m) = -35*m + 10. Let n be a(10). Let l be -2 - (-2 + n/2). Suppose -2*q + l = -4*c, -392 = -4*q - q - c. What is the tens digit of q?
7
Let n = 31851 + -8499. What is the thousands digit of n?
3
Let a be (-12)/20*(-10)/2. Suppose -a*z - 123 - 271 = 5*v, -5*v = 2*z + 261. Let u = 253 + z. What is the tens digit of u?
2
Let q(z) = z**3 + 16*z**2 + 7*z + 4. Let n(f) = 8*f**2 + 3*f + 2. Let a(x) = -5*n(x) + 2*q(x). What is the tens digit of a(6)?
3
Let d(p) = -2156*p + 1828. What is the hundreds digit of d(-12)?
7
Suppose 14*x - 253896 = 11*x + 4*m, 2*m + 338558 = 4*x. What is the tens digit of x?
4
Let m = -531 - -533. Suppose 1177 = m*t - u, -4*u + 0*u + 4 = 0. What is the units digit of t?
9
Suppose m = -3*m + 728. Let t = 44 - m. Let v = t - -285. What is the units digit of v?
7
Let f(n) = -n**3 - 17*n**2 + 2*n + 39. Let t be f(-17). Suppose 1961 = 4*a - t*m, 3*a + m - 4*m = 1467. What is the tens digit of a?
8
Suppose 767*u - 4*f = 768*u - 26554, -2*u + 53072 = 2*f. What is the thousands digit of u?
6
Let b = -798 - -207. Let w = -300 - b. What is the hundreds digit of w?
2
Let n = 454 - -1744. Suppose 6*q - n - 532 = 0. Suppose -13*s - w = -10*s - 467, -3*s = -5*w - q. What is the hundreds digit of s?
1
Suppose 30*a - 66444 = 64866. What is the thousands digit of a?
4
Suppose -161*i + 104*i + 709650 = 0. What is the units digit of i?
0
Let x(z) = -z**3 + z**2 + 6*z - 5. Let v be x(3). Let q be (v - 0)*(-9)/5. What is the units digit of (1 + 0)/(3/q)?
3
Let b(i) = 889*i + 12464. What is the units digit of b(57)?
7
What is the ten thousands digit of (((-504)/54)/28)/(5/(-1039215))?
6
Let q(h) = -h**3 + 59*h**2 - 119*h + 5. What is the tens digit of q(54)?
5
Suppose 4*p - 19*p + 50523 = -12*p. What is the thousands digit of p?
6
Let y(a) = -a**2 + 16*a - 44. Let c be y(6). Let s = -12 + c. Suppose 39 - 316 = -s*u + 5*n, 5*u = -2*n + 305. What is the tens digit of u?
6
Suppose 21*r = 19*r - 5*l + 5670, -r + 2857 = -3*l. What is the thousands digit of r?
2
What is the tens digit of (400/(-64))/(9/(-26100))?
2
Let y(u) = 5*u - 145. Let o be y(30). Suppose 0 = o*j - 221 - 454. What is the tens digit of j?
3
Let q(x) = -1713*x + 2*x**3 - x**2 - 1715*x + 1220 + 3428*x. What is the hundreds digit of q(0)?
2
Let r(k) = -7*k**2 + 19*k + 9. Let c be r(3). Suppose 0 = -x + 5*f + 236, 4*x + 8*f - 969 = c*f. What is the tens digit of x?
4
Let z = 34 + -61. Let t = z + 17. What is the units digit of t/85 + (-3627)/(-51)?
1
Suppose 0 = -0*m + 3*m - 258. Suppose -s = m - 270. What is the tens digit of s?
8
Suppose -2*r + 3*f + 5154 = 0, 14*r - 16*r + 5138 = f. What is the tens digit of r?
7
Suppose -3*c - 12 = c. Let z(a) = -39*a + 20. What is the hundreds digit of z(c)?
1
Suppose 3*o + 71539 = 5*v, -30*v = -25*v - o - 71533. What is the tens digit of v?
0
Let x(d) = 39*d**2 - 119*d + 801. What is the hundreds digit of x(34)?
8
Let m(r) = 9*r**2 + 6*r + 3. Let o be m(4). Let v be 380 - (-1)/((-1)/(-3)). Let k = v - o. What is the hundreds digit of k?
2
Let k = 38630 - 26428. What is the thousands digit of k?
2
Suppose -4*d + 20 = -35*a + 33*a, 4*a - 5*d = -49. Let w(x) be the second derivative of -2*x**3/3 - 8*x**2 + x. What is the tens digit of w(a)?
4
Let x(y) = 4557*y + 386. What is the units digit of x(2)?
0
Suppose 0 = -291*i + 22*i + 1397186. What is the tens digit of i?
9
Let i be (9/6)/(3/8). Suppose 2*x = i*o - 20, 3*o + 4*x + 1 = -2*o. Suppose 0*j = -o*t - j + 46, 5*t - 76 = -j. What is the units digit of t?
5
Suppose 24*q = 4*h + 22*q - 37746, 2*h - 3*q - 18863 = 0. What is the thousands digit of h?
9
Let q(x) = -18*x**3 + 5*x**2 + 4*x + 4. Let z be q(-3). Let k = -3774 - -4455. Suppose 7*l - k = z. What is the units digit of l?
2
Suppose -4*j = -g + 2*g - 156, -j = 5. Suppose 0*k + p + g = 3*k, 0 = -2*k - 2*p + 112. What is the units digit of k?
8
Let o(n) = 224*n**2 + 10*n - 26. What is the units digit of o(-6)?
8
Suppose 5*r = 5*y + 88025, 5*r - 90*y = -88*y + 88046. What is the hundreds digit of r?
6
Let q be 1*-403*(13 + -27). Suppose 13*v - q = -v. What is the tens digit of v?
0
Let l be (10/(-4))/((-6)/12). Suppose 4*b = l*j + 16, b = 2*b - j - 4. Suppose 2*c + b*r = -c + 310, -2*c = -3*r - 218. What is the tens digit of c?
0
Let b(u) = -u**3 + 4*u**2 + 6*u - 8. Suppose 65 = 7*l + 6*l. Let r be b(l). What is the units digit of (-5 - r) + 30 - -1?
9
Let n = -8918 + 13233. What is the units digit of n?
5
What is the tens digit of (-245)/(5 + (-792)/156)?
8
Suppose 2*x = 4*t - 14, -4*x - 13 = -4*t + t. Suppose -t*w = -217 + 196. Let l(g) = 2*g**2 - 12*g + 65. What is the units digit of l(w)?
9
Let p be 6/(-10) - (-315072)/320. Let r = 331 + p. What is the hundreds digit of r?
3
Suppose 54*n - 59*n = 3*o - 277529, -5*o + 166527 = 3*n. What is the tens digit of n?
0
Let u(h) = -h**2 + 5*h - 1. Let c be u(4). Suppose 5*y - 2*o - 3013 = 0, y - 2415 = -3*y - c*o. What is the hundreds digit of y?
6
Suppose -10*a + 6*a - 3*u = -17, 0 = 2*a + 5*u - 19. Suppose r = a*m + 267, 4*r = -4*m + 1125 - 81. What is the units digit of r?
3
Suppose -71*x + 64*x + 35 = 0. Suppose -h - 3*p = 4*h - 4730, 5*h + x*p = 4740. What is the units digit of h?
3
Let c(w) = -w**2 - 48*w +